{"id":17,"date":"2020-12-09T19:29:27","date_gmt":"2020-12-09T18:29:27","guid":{"rendered":"http:\/\/www.maquette04.ovh\/maquette4\/?page_id=17"},"modified":"2024-10-11T14:00:26","modified_gmt":"2024-10-11T12:00:26","slug":"accueil","status":"publish","type":"page","link":"https:\/\/www.maquette04.ovh\/maquette4\/","title":{"rendered":"Accueil"},"content":{"rendered":"<p>[et_pb_section fb_built=\u00a0\u00bb1&Prime; _builder_version=\u00a0\u00bb4.19.0&Prime; _module_preset=\u00a0\u00bbdefault\u00a0\u00bb background_enable_color=\u00a0\u00bboff\u00a0\u00bb locked=\u00a0\u00bboff\u00a0\u00bb global_colors_info=\u00a0\u00bb%91%93&Prime;][et_pb_row column_structure=\u00a0\u00bb2_3,1_3&Prime; use_custom_gutter=\u00a0\u00bbon\u00a0\u00bb gutter_width=\u00a0\u00bb2&Prime; make_equal=\u00a0\u00bbon\u00a0\u00bb _builder_version=\u00a0\u00bb4.27.0&Prime; _module_preset=\u00a0\u00bbdefault\u00a0\u00bb max_width=\u00a0\u00bb80%\u00a0\u00bb global_colors_info=\u00a0\u00bb{}\u00a0\u00bb][et_pb_column type=\u00a0\u00bb2_3&Prime; _builder_version=\u00a0\u00bb4.27.0&Prime; _module_preset=\u00a0\u00bbdefault\u00a0\u00bb border_radii=\u00a0\u00bbon|5px|5px|5px|5px\u00a0\u00bb box_shadow_style=\u00a0\u00bbpreset1&Prime; global_colors_info=\u00a0\u00bb{}\u00a0\u00bb][digr_image_mask_slider choose_style=\u00a0\u00bbdigr_ims_style_2&Prime; slider_height=\u00a0\u00bb50vh\u00a0\u00bb arrow_style=\u00a0\u00bbdigr_ims_arrow_right\u00a0\u00bb arrow_icon_color=\u00a0\u00bb#FFFFFF\u00a0\u00bb arrow_bg_color=\u00a0\u00bb#ffb0ad\u00a0\u00bb slider_subtitle_padding=\u00a0\u00bb20px||20px||true|false\u00a0\u00bb content_wrapper_margin=\u00a0\u00bb0px|auto|0px|0px|false|false\u00a0\u00bb content_wrapper_margin_tablet=\u00a0\u00bb|||0px|false|false\u00a0\u00bb content_wrapper_margin_phone=\u00a0\u00bb0px|auto|0px|15px|false|false\u00a0\u00bb content_wrapper_margin_last_edited=\u00a0\u00bbon|phone\u00a0\u00bb content_wrapper_padding=\u00a0\u00bb|20px||20px|false|true\u00a0\u00bb content_wrapper_padding_tablet=\u00a0\u00bb|20px||20px|false|true\u00a0\u00bb content_wrapper_padding_phone=\u00a0\u00bb|10px||10px|false|true\u00a0\u00bb content_wrapper_padding_last_edited=\u00a0\u00bbon|phone\u00a0\u00bb arrow_icon_padding=\u00a0\u00bb3px|6px|3px|6px|true|true\u00a0\u00bb content_wrapper_width_tablet=\u00a0\u00bb80%\u00a0\u00bb content_wrapper_width_phone=\u00a0\u00bb90%\u00a0\u00bb content_wrapper_width_last_edited=\u00a0\u00bbon|desktop\u00a0\u00bb content_wrapper_height_tablet=\u00a0\u00bb70%\u00a0\u00bb content_wrapper_height_phone=\u00a0\u00bb80%\u00a0\u00bb content_wrapper_height_last_edited=\u00a0\u00bbon|phone\u00a0\u00bb _builder_version=\u00a0\u00bb4.27.0&Prime; _module_preset=\u00a0\u00bbdefault\u00a0\u00bb slider_title_font=\u00a0\u00bb|700|||||||\u00a0\u00bb slider_title_text_color=\u00a0\u00bb#FFFFFF\u00a0\u00bb slider_title_font_size=\u00a0\u00bb40px\u00a0\u00bb slider_title_letter_spacing=\u00a0\u00bb2px\u00a0\u00bb slider_subtitle_font=\u00a0\u00bb|300|||||||\u00a0\u00bb slider_subtitle_text_color=\u00a0\u00bb#FDDB88&Prime; slider_subtitle_font_size=\u00a0\u00bb30px\u00a0\u00bb slider_subtitle_line_height=\u00a0\u00bb1.3em\u00a0\u00bb slider_text_font=\u00a0\u00bbNunito|600|||||||\u00a0\u00bb slider_text_text_color=\u00a0\u00bb#898989&Prime; slider_text_font_size=\u00a0\u00bb15px\u00a0\u00bb slider_text_line_height=\u00a0\u00bb1.8em\u00a0\u00bb custom_button=\u00a0\u00bbon\u00a0\u00bb button_text_size=\u00a0\u00bb16px\u00a0\u00bb button_text_color=\u00a0\u00bb#FFFFFF\u00a0\u00bb button_bg_color=\u00a0\u00bb#FF6961&Prime; button_border_color=\u00a0\u00bb#5e7daf\u00a0\u00bb button_border_radius=\u00a0\u00bb5px\u00a0\u00bb button_font=\u00a0\u00bbPoppins||||||||\u00a0\u00bb button_use_icon=\u00a0\u00bboff\u00a0\u00bb button_custom_margin=\u00a0\u00bb|||6px|false|false\u00a0\u00bb button_custom_padding=\u00a0\u00bb10px||10px||true|false\u00a0\u00bb slider_title_font_size_tablet=\u00a0\u00bb32px\u00a0\u00bb slider_title_font_size_phone=\u00a0\u00bb25px\u00a0\u00bb slider_title_font_size_last_edited=\u00a0\u00bbon|phone\u00a0\u00bb slider_subtitle_font_size_tablet=\u00a0\u00bb28px\u00a0\u00bb slider_subtitle_font_size_phone=\u00a0\u00bb22px\u00a0\u00bb slider_subtitle_font_size_last_edited=\u00a0\u00bbon|phone\u00a0\u00bb button_text_size_tablet=\u00a0\u00bb16px\u00a0\u00bb button_text_size_phone=\u00a0\u00bb16px\u00a0\u00bb button_text_size_last_edited=\u00a0\u00bbon|phone\u00a0\u00bb border_radii_arrow_border=\u00a0\u00bbon|5px|5px|5px|5px\u00a0\u00bb border_width_all_arrow_border=\u00a0\u00bb2px\u00a0\u00bb border_color_all_arrow_border=\u00a0\u00bb#FFFFFF\u00a0\u00bb locked=\u00a0\u00bboff\u00a0\u00bb global_colors_info=\u00a0\u00bb{}\u00a0\u00bb button_bg_color__hover_enabled=\u00a0\u00bbon|desktop\u00a0\u00bb button_bg_color__hover=\u00a0\u00bb#FDDB88&Prime; button_bg_enable_color__hover=\u00a0\u00bbon\u00a0\u00bb][digr_image_mask_slider_item slider_title=\u00a0\u00bbCouche lavable TE1&Prime; slider_subtitle=\u00a0\u00bbD\u00e9couvrez la simplicit\u00e9 !\u00a0\u00bb slider_bg_image=\u00a0\u00bbhttp:\/\/www.maquette04.ovh\/maquette4\/wp-content\/uploads\/2024\/06\/visuel02-1024&#215;683.jpg\u00a0\u00bb button_text=\u00a0\u00bbVoir le produit\u00a0\u00bb button_url=\u00a0\u00bb#\u00a0\u00bb _builder_version=\u00a0\u00bb4.27.0&Prime; _module_preset=\u00a0\u00bbdefault\u00a0\u00bb global_colors_info=\u00a0\u00bb{}\u00a0\u00bb][\/digr_image_mask_slider_item][digr_image_mask_slider_item slider_title=\u00a0\u00bbCouches lavables TE2&Prime; slider_subtitle=\u00a0\u00bbOptez pour la flexibilit\u00e9 !\u00a0\u00bb slider_bg_image=\u00a0\u00bbhttp:\/\/www.maquette04.ovh\/maquette4\/wp-content\/uploads\/2023\/05\/341133-couches-les-jeunes-marques-misent-sur-le-made-in-france-et-la-sante-web-tete-06147583142.jpg\u00a0\u00bb button_text=\u00a0\u00bbVoir le produit\u00a0\u00bb button_url=\u00a0\u00bb#\u00a0\u00bb _builder_version=\u00a0\u00bb4.27.0&Prime; _module_preset=\u00a0\u00bbdefault\u00a0\u00bb global_colors_info=\u00a0\u00bb{}\u00a0\u00bb][\/digr_image_mask_slider_item][digr_image_mask_slider_item slider_title=\u00a0\u00bbCouches lavables TE3&Prime; slider_subtitle=\u00a0\u00bbAdoptez l&rsquo;innovation et la modularit\u00e9 !\u00a0\u00bb slider_bg_image=\u00a0\u00bbhttp:\/\/www.maquette04.ovh\/maquette4\/wp-content\/uploads\/2023\/05\/22659746-1024&#215;683.webp\u00a0\u00bb button_text=\u00a0\u00bbVoir le produit\u00a0\u00bb button_url=\u00a0\u00bb#\u00a0\u00bb _builder_version=\u00a0\u00bb4.27.0&Prime; _module_preset=\u00a0\u00bbdefault\u00a0\u00bb global_colors_info=\u00a0\u00bb{}\u00a0\u00bb][\/digr_image_mask_slider_item][\/digr_image_mask_slider][\/et_pb_column][et_pb_column type=\u00a0\u00bb1_3&Prime; _builder_version=\u00a0\u00bb4.27.0&Prime; _module_preset=\u00a0\u00bbdefault\u00a0\u00bb background_enable_color=\u00a0\u00bboff\u00a0\u00bb use_background_color_gradient=\u00a0\u00bbon\u00a0\u00bb background_color_gradient_stops=\u00a0\u00bbrgba(253,219,136,0.3) 0%|rgba(253,219,136,0.3) 100%\u00a0\u00bb background_color_gradient_overlays_image=\u00a0\u00bbon\u00a0\u00bb background_image=\u00a0\u00bbhttp:\/\/www.maquette04.ovh\/maquette4\/wp-content\/uploads\/2023\/05\/DSC_0139-scaled-1-1024&#215;712.jpg\u00a0\u00bb custom_css_main_element=\u00a0\u00bbdisplay: flex;||justify-content: center;||align-items: flex-end;\u00a0\u00bb border_radii=\u00a0\u00bbon|5px|5px|5px|5px\u00a0\u00bb box_shadow_style=\u00a0\u00bbpreset1&Prime; global_colors_info=\u00a0\u00bb{}\u00a0\u00bb][et_pb_cta title=\u00a0\u00bbPensez \u00e0 la location de couches lavables, une solution pratique et durable \u00a0\u00bb button_url=\u00a0\u00bb#\u00a0\u00bb button_text=\u00a0\u00bbEn savoir +\u00a0\u00bb _builder_version=\u00a0\u00bb4.27.0&Prime; _module_preset=\u00a0\u00bbdefault\u00a0\u00bb header_font=\u00a0\u00bbMontserrat|700|||||||\u00a0\u00bb header_text_color=\u00a0\u00bb#FFFFFF\u00a0\u00bb header_font_size=\u00a0\u00bb20px\u00a0\u00bb header_line_height=\u00a0\u00bb1.2em\u00a0\u00bb body_font=\u00a0\u00bbNunito||||||||\u00a0\u00bb body_text_color=\u00a0\u00bb#FFFFFF\u00a0\u00bb body_font_size=\u00a0\u00bb18px\u00a0\u00bb background_enable_color=\u00a0\u00bboff\u00a0\u00bb use_background_color_gradient=\u00a0\u00bbon\u00a0\u00bb background_color_gradient_stops=\u00a0\u00bbrgba(255,105,97,0.8) 0%|rgba(255,105,97,0.8) 100%\u00a0\u00bb custom_button=\u00a0\u00bbon\u00a0\u00bb button_text_size=\u00a0\u00bb17px\u00a0\u00bb button_text_color=\u00a0\u00bb#FFFFFF\u00a0\u00bb button_bg_color=\u00a0\u00bb#545454&Prime; button_border_color=\u00a0\u00bb#FFFFFF\u00a0\u00bb button_border_radius=\u00a0\u00bb5px\u00a0\u00bb button_font=\u00a0\u00bb|700|||||||\u00a0\u00bb button_use_icon=\u00a0\u00bboff\u00a0\u00bb button_custom_padding=\u00a0\u00bb3px|20px|3px|20px|true|true\u00a0\u00bb text_orientation=\u00a0\u00bbleft\u00a0\u00bb custom_margin=\u00a0\u00bb10px|10px|10px|10px|true|true\u00a0\u00bb custom_padding=\u00a0\u00bb||||true|false\u00a0\u00bb border_radii=\u00a0\u00bbon|10px|10px|10px|10px\u00a0\u00bb global_colors_info=\u00a0\u00bb{}\u00a0\u00bb button_bg_color__hover_enabled=\u00a0\u00bbon|hover\u00a0\u00bb button_bg_color__hover=\u00a0\u00bb#FFFFFF\u00a0\u00bb button_bg_enable_color__hover=\u00a0\u00bbon\u00a0\u00bb button_text_color__hover_enabled=\u00a0\u00bbon|hover\u00a0\u00bb button_text_color__hover=\u00a0\u00bb#545454&Prime;][\/et_pb_cta][\/et_pb_column][\/et_pb_row][et_pb_row column_structure=\u00a0\u00bb1_3,1_3,1_3&Prime; use_custom_gutter=\u00a0\u00bbon\u00a0\u00bb gutter_width=\u00a0\u00bb2&Prime; make_equal=\u00a0\u00bbon\u00a0\u00bb _builder_version=\u00a0\u00bb4.27.0&Prime; _module_preset=\u00a0\u00bbdefault\u00a0\u00bb max_width=\u00a0\u00bb80%\u00a0\u00bb custom_padding=\u00a0\u00bb0px||||false|false\u00a0\u00bb global_colors_info=\u00a0\u00bb{}\u00a0\u00bb][et_pb_column type=\u00a0\u00bb1_3&Prime; _builder_version=\u00a0\u00bb4.27.0&Prime; _module_preset=\u00a0\u00bbdefault\u00a0\u00bb background_color=\u00a0\u00bbrgba(0,0,0,0.37)\u00a0\u00bb background_image=\u00a0\u00bbhttp:\/\/www.maquette04.ovh\/maquette4\/wp-content\/uploads\/2023\/05\/BOX5-DINOSAURE.jpg\u00a0\u00bb background_blend=\u00a0\u00bbdarken\u00a0\u00bb custom_css_main_element=\u00a0\u00bbdisplay: flex;||justify-content: center;||align-items: flex-end;\u00a0\u00bb border_radii=\u00a0\u00bbon|5px|5px|5px|5px\u00a0\u00bb box_shadow_style=\u00a0\u00bbpreset1&Prime; global_colors_info=\u00a0\u00bb{}\u00a0\u00bb][et_pb_cta title=\u00a0\u00bbOffrez un cadeau \u00e0 des parents \u00e9co-responsables\u00a0\u00bb button_url=\u00a0\u00bb#\u00a0\u00bb button_text=\u00a0\u00bbEn savoir +\u00a0\u00bb _builder_version=\u00a0\u00bb4.27.0&Prime; _module_preset=\u00a0\u00bbdefault\u00a0\u00bb header_font=\u00a0\u00bbMontserrat|600|||||||\u00a0\u00bb header_text_color=\u00a0\u00bb#FFFFFF\u00a0\u00bb header_line_height=\u00a0\u00bb1.4em\u00a0\u00bb body_font=\u00a0\u00bbNunito||||||||\u00a0\u00bb body_text_color=\u00a0\u00bb#FFFFFF\u00a0\u00bb body_font_size=\u00a0\u00bb18px\u00a0\u00bb background_enable_color=\u00a0\u00bboff\u00a0\u00bb custom_button=\u00a0\u00bbon\u00a0\u00bb button_text_size=\u00a0\u00bb17px\u00a0\u00bb button_text_color=\u00a0\u00bb#FFFFFF\u00a0\u00bb button_bg_color=\u00a0\u00bb#FF6961&Prime; button_border_color=\u00a0\u00bb#FFFFFF\u00a0\u00bb button_border_radius=\u00a0\u00bb5px\u00a0\u00bb button_font=\u00a0\u00bb|700|||||||\u00a0\u00bb button_use_icon=\u00a0\u00bboff\u00a0\u00bb button_custom_padding=\u00a0\u00bb3px|20px|3px|20px|true|true\u00a0\u00bb text_orientation=\u00a0\u00bbleft\u00a0\u00bb global_colors_info=\u00a0\u00bb{}\u00a0\u00bb button_bg_color__hover_enabled=\u00a0\u00bbon|desktop\u00a0\u00bb button_bg_color__hover=\u00a0\u00bb#FDDB88&Prime; button_bg_enable_color__hover=\u00a0\u00bbon\u00a0\u00bb button_text_color__hover_enabled=\u00a0\u00bbon|hover\u00a0\u00bb button_text_color__hover=\u00a0\u00bb#545454&Prime;][\/et_pb_cta][\/et_pb_column][et_pb_column type=\u00a0\u00bb1_3&Prime; _builder_version=\u00a0\u00bb4.27.0&Prime; _module_preset=\u00a0\u00bbdefault\u00a0\u00bb background_color=\u00a0\u00bbrgba(255,255,255,0.3)\u00a0\u00bb use_background_color_gradient=\u00a0\u00bbon\u00a0\u00bb background_color_gradient_stops=\u00a0\u00bbrgba(0,0,0,0.4) 0%|rgba(0,0,0,0.5) 100%\u00a0\u00bb background_color_gradient_overlays_image=\u00a0\u00bbon\u00a0\u00bb background_image=\u00a0\u00bbhttp:\/\/www.maquette04.ovh\/maquette4\/wp-content\/uploads\/2023\/05\/couches-bebe-elles-sont-moins-toxiques-mais-marques-restent-eviter-1024&#215;682.jpeg\u00a0\u00bb custom_css_main_element=\u00a0\u00bbdisplay: flex;||justify-content: center;||align-items: flex-end;\u00a0\u00bb border_radii=\u00a0\u00bbon|5px|5px|5px|5px\u00a0\u00bb box_shadow_style=\u00a0\u00bbpreset1&Prime; global_colors_info=\u00a0\u00bb{}\u00a0\u00bb][et_pb_cta title=\u00a0\u00bbAteliers et formations\u00a0\u00bb button_url=\u00a0\u00bb#\u00a0\u00bb button_text=\u00a0\u00bbEn savoir +\u00a0\u00bb _builder_version=\u00a0\u00bb4.27.0&Prime; _module_preset=\u00a0\u00bbdefault\u00a0\u00bb header_font=\u00a0\u00bbMontserrat|700|||||||\u00a0\u00bb header_text_color=\u00a0\u00bb#FFFFFF\u00a0\u00bb header_line_height=\u00a0\u00bb1.4em\u00a0\u00bb body_font=\u00a0\u00bbNunito||||||||\u00a0\u00bb body_text_color=\u00a0\u00bb#000000&Prime; body_font_size=\u00a0\u00bb18px\u00a0\u00bb background_enable_color=\u00a0\u00bboff\u00a0\u00bb custom_button=\u00a0\u00bbon\u00a0\u00bb button_text_size=\u00a0\u00bb17px\u00a0\u00bb button_text_color=\u00a0\u00bb#FFFFFF\u00a0\u00bb button_bg_color=\u00a0\u00bb#FF6961&Prime; button_border_color=\u00a0\u00bb#000000&Prime; button_border_radius=\u00a0\u00bb5px\u00a0\u00bb button_font=\u00a0\u00bb|700|||||||\u00a0\u00bb button_use_icon=\u00a0\u00bboff\u00a0\u00bb button_custom_padding=\u00a0\u00bb3px|20px|3px|20px|true|true\u00a0\u00bb text_orientation=\u00a0\u00bbleft\u00a0\u00bb global_colors_info=\u00a0\u00bb{}\u00a0\u00bb button_bg_color__hover_enabled=\u00a0\u00bbon|desktop\u00a0\u00bb button_bg_color__hover=\u00a0\u00bb#FDDB88&Prime; button_bg_enable_color__hover=\u00a0\u00bbon\u00a0\u00bb button_text_color__hover_enabled=\u00a0\u00bbon|hover\u00a0\u00bb button_text_color__hover=\u00a0\u00bb#545454&Prime;][\/et_pb_cta][\/et_pb_column][et_pb_column type=\u00a0\u00bb1_3&Prime; _builder_version=\u00a0\u00bb4.27.0&Prime; _module_preset=\u00a0\u00bbdefault\u00a0\u00bb background_enable_color=\u00a0\u00bboff\u00a0\u00bb use_background_color_gradient=\u00a0\u00bbon\u00a0\u00bb background_color_gradient_stops=\u00a0\u00bbrgba(0,0,0,0.5) 0%|rgba(10,0,0,0.5) 100%\u00a0\u00bb background_color_gradient_overlays_image=\u00a0\u00bbon\u00a0\u00bb background_image=\u00a0\u00bbhttp:\/\/www.maquette04.ovh\/maquette4\/wp-content\/uploads\/2024\/06\/titre-H1.jpg\u00a0\u00bb custom_css_main_element=\u00a0\u00bbdisplay: flex;||justify-content: center;||align-items: flex-end;\u00a0\u00bb border_radii=\u00a0\u00bbon|5px|5px|5px|5px\u00a0\u00bb box_shadow_style=\u00a0\u00bbpreset1&Prime; global_colors_info=\u00a0\u00bb{}\u00a0\u00bb][et_pb_cta title=\u00a0\u00bbPROMOTION SUR LES LINGETTES LAVABLES\u00a0\u00bb button_url=\u00a0\u00bb#\u00a0\u00bb _builder_version=\u00a0\u00bb4.27.0&Prime; _module_preset=\u00a0\u00bbdefault\u00a0\u00bb header_font=\u00a0\u00bbMontserrat|800|||||||\u00a0\u00bb header_text_align=\u00a0\u00bbcenter\u00a0\u00bb header_text_color=\u00a0\u00bb#FFFFFF\u00a0\u00bb header_font_size=\u00a0\u00bb25px\u00a0\u00bb header_letter_spacing=\u00a0\u00bb1px\u00a0\u00bb header_line_height=\u00a0\u00bb1.4em\u00a0\u00bb body_font=\u00a0\u00bbRoboto Slab|900|||||||\u00a0\u00bb body_text_align=\u00a0\u00bbcenter\u00a0\u00bb body_text_color=\u00a0\u00bb#FF6961&Prime; body_font_size=\u00a0\u00bb60px\u00a0\u00bb background_enable_color=\u00a0\u00bboff\u00a0\u00bb custom_button=\u00a0\u00bbon\u00a0\u00bb button_text_size=\u00a0\u00bb17px\u00a0\u00bb button_text_color=\u00a0\u00bb#FFFFFF\u00a0\u00bb button_bg_color=\u00a0\u00bb#FF6961&Prime; button_border_color=\u00a0\u00bb#FFFFFF\u00a0\u00bb button_border_radius=\u00a0\u00bb5px\u00a0\u00bb button_font=\u00a0\u00bb|700|||||||\u00a0\u00bb button_use_icon=\u00a0\u00bboff\u00a0\u00bb button_alignment=\u00a0\u00bbcenter\u00a0\u00bb button_custom_padding=\u00a0\u00bb3px|20px|3px|20px|true|true\u00a0\u00bb text_orientation=\u00a0\u00bbleft\u00a0\u00bb button_text_color_last_edited=\u00a0\u00bboff|desktop\u00a0\u00bb locked=\u00a0\u00bboff\u00a0\u00bb global_colors_info=\u00a0\u00bb{}\u00a0\u00bb button_bg_color__hover_enabled=\u00a0\u00bbon|hover\u00a0\u00bb button_bg_color__hover=\u00a0\u00bb#FDDB88&Prime; button_bg_enable_color__hover=\u00a0\u00bbon\u00a0\u00bb button_text_color__hover_enabled=\u00a0\u00bbon|hover\u00a0\u00bb button_text_color__hover=\u00a0\u00bb#545454&Prime;]<\/p>\n<p>30%<\/p>\n<p>[\/et_pb_cta][\/et_pb_column][\/et_pb_row][\/et_pb_section][et_pb_section fb_built=\u00a0\u00bb1&Prime; _builder_version=\u00a0\u00bb4.25.2&Prime; _module_preset=\u00a0\u00bbdefault\u00a0\u00bb global_colors_info=\u00a0\u00bb{}\u00a0\u00bb][et_pb_row column_structure=\u00a0\u00bb1_3,2_3&Prime; _builder_version=\u00a0\u00bb4.27.0&Prime; _module_preset=\u00a0\u00bbdefault\u00a0\u00bb max_width=\u00a0\u00bb80%\u00a0\u00bb global_colors_info=\u00a0\u00bb{}\u00a0\u00bb][et_pb_column type=\u00a0\u00bb1_3&Prime; _builder_version=\u00a0\u00bb4.27.0&Prime; _module_preset=\u00a0\u00bbdefault\u00a0\u00bb global_colors_info=\u00a0\u00bb{}\u00a0\u00bb][et_pb_image src=\u00a0\u00bbhttp:\/\/www.maquette04.ovh\/maquette4\/wp-content\/uploads\/2024\/07\/visuel04.jpg\u00a0\u00bb title_text=\u00a0\u00bbvisuel04&Prime; _builder_version=\u00a0\u00bb4.27.0&Prime; _module_preset=\u00a0\u00bbdefault\u00a0\u00bb border_radii=\u00a0\u00bbon|5px|5px|5px|5px\u00a0\u00bb box_shadow_style=\u00a0\u00bbpreset1&Prime; global_colors_info=\u00a0\u00bb{}\u00a0\u00bb][\/et_pb_image][\/et_pb_column][et_pb_column type=\u00a0\u00bb2_3&Prime; _builder_version=\u00a0\u00bb4.27.0&Prime; _module_preset=\u00a0\u00bbdefault\u00a0\u00bb global_colors_info=\u00a0\u00bb{}\u00a0\u00bb][et_pb_text _builder_version=\u00a0\u00bb4.27.0&Prime; _module_preset=\u00a0\u00bbdefault\u00a0\u00bb text_letter_spacing=\u00a0\u00bb1px\u00a0\u00bb header_2_text_color=\u00a0\u00bb#FF6961&Prime; custom_margin=\u00a0\u00bb||0px||false|false\u00a0\u00bb custom_padding=\u00a0\u00bb||0px||false|false\u00a0\u00bb global_colors_info=\u00a0\u00bb{}\u00a0\u00bb]<\/p>\n<h2 style=\"text-align: justify;\">Les couches lavables<\/h2>\n<p>[\/et_pb_text][et_pb_divider color=\u00a0\u00bb#FF6961&Prime; divider_position=\u00a0\u00bbcenter\u00a0\u00bb divider_weight=\u00a0\u00bb2px\u00a0\u00bb _builder_version=\u00a0\u00bb4.27.0&Prime; _module_preset=\u00a0\u00bbdefault\u00a0\u00bb max_width=\u00a0\u00bb300px\u00a0\u00bb global_colors_info=\u00a0\u00bb{}\u00a0\u00bb][\/et_pb_divider][et_pb_text _builder_version=\u00a0\u00bb4.27.0&Prime; _module_preset=\u00a0\u00bbdefault\u00a0\u00bb text_letter_spacing=\u00a0\u00bb1px\u00a0\u00bb global_colors_info=\u00a0\u00bb{}\u00a0\u00bb]<\/p>\n<p style=\"text-align: justify;\">Les couches jetables, bien que pratiques, contribuent de mani\u00e8re significative \u00e0 la pollution et \u00e0 l&rsquo;encombrement des d\u00e9charges.<\/p>\n<p style=\"text-align: justify;\">En optant pour <strong>les couches lavables<\/strong>, vous faites un <strong>geste concret pour r\u00e9duire votre empreinte \u00e9cologique<\/strong>. Fabriqu\u00e9es \u00e0 partir de mat\u00e9riaux respectueux de l&rsquo;environnement et de la peau de b\u00e9b\u00e9, elles sont r\u00e9utilisables et minimisent ainsi les d\u00e9chets. De plus, leur production n\u00e9cessite moins de ressources naturelles, ce qui en fait un choix responsable pour les parents soucieux de l&rsquo;avenir de leurs enfants.<\/p>\n<p style=\"text-align: justify;\">Sur le plan \u00e9conomique, les <strong>couches lavables repr\u00e9sentent \u00e9galement une solution avantageuse<\/strong>. Bien que l&rsquo;investissement initial puisse sembler plus \u00e9lev\u00e9, les \u00e9conomies r\u00e9alis\u00e9es \u00e0 long terme sont substantielles. Contrairement aux couches jetables, que vous devez acheter r\u00e9guli\u00e8rement, <strong>les couches lavables sont r\u00e9utilisables pendant plusieurs ann\u00e9es<\/strong>, ce qui permet de r\u00e9duire consid\u00e9rablement les d\u00e9penses familiales. Vous pouvez \u00e9galement les utiliser pour plusieurs enfants, augmentant ainsi leur rentabilit\u00e9.<\/p>\n<p style=\"text-align: justify;\">Explorez notre site pour d\u00e9couvrir une <strong>gamme vari\u00e9e de couches lavables<\/strong>, des produits annexes et utiles puis des <strong>conseils pratiques<\/strong> pour leur utilisation et entretien, ainsi que des t\u00e9moignages de parents ayant adopt\u00e9 cette alternative durable.<\/p>\n<p style=\"text-align: justify;\">Ensemble, faisons un pas vers un avenir plus propre et plus vert tout en prenant soin de notre budget familial. Merci de nous rejoindre dans cette aventure \u00e9cologique et \u00e9conomique !<\/p>\n<p style=\"text-align: justify;\">Linda Taleb<\/p>\n<p>[\/et_pb_text][\/et_pb_column][\/et_pb_row][\/et_pb_section]<\/p>\n","protected":false},"excerpt":{"rendered":"<p><div class=\"et_pb_with_border et_pb_module digr_image_mask_slider digr_image_mask_slider_0\">\n\t\t\t\t\n\t\t\t\t\n\t\t\t\t\n\t\t\t\t\n\t\t\t\t\n\t\t\t\t\n\t\t\t\t<div class=\"et_pb_module_inner\">\n\t\t\t\t\t<div class=\"digr_image_mask_slider_container digr_ims_style_2\" data-speed = 5000 data-moduleclass = 'digr_image_mask_slider_0'><div class=\"digr_image_mask_slider_item digr_image_mask_slider_item_0  digr_ims_even\"><div class=\"digr_ims_item_content\">\n\t\t\t\t<h2 class=\"digr_ims_title\">Couche lavable TE1<\/h2>\n\t\t\t\t<h4 class=\"digr_ims_subtitle\">D\u00e9couvrez la simplicit\u00e9 !<\/h4>\n\t\t\t\t\n\t\t\t\t<div class=\"et_pb_button_wrapper\"><a class=\"et_pb_button digr_ims_button\" href=\"#\">Voir le produit<\/a><\/div>\n\t\t\t\t<\/div>  <\/div><div class=\"digr_image_mask_slider_item digr_image_mask_slider_item_1 digr_ims_odd \"><div class=\"digr_ims_item_content\">\n\t\t\t\t<h2 class=\"digr_ims_title\">Couches lavables TE2<\/h2>\n\t\t\t\t<h4 class=\"digr_ims_subtitle\">Optez pour la flexibilit\u00e9 !<\/h4>\n\t\t\t\t\n\t\t\t\t<div class=\"et_pb_button_wrapper\"><a class=\"et_pb_button digr_ims_button\" href=\"#\">Voir le produit<\/a><\/div>\n\t\t\t\t<\/div>  <\/div><div class=\"digr_image_mask_slider_item digr_image_mask_slider_item_2  digr_ims_even\"><div class=\"digr_ims_item_content\">\n\t\t\t\t<h2 class=\"digr_ims_title\">Couches lavables TE3<\/h2>\n\t\t\t\t<h4 class=\"digr_ims_subtitle\">Adoptez l'innovation et la modularit\u00e9 !<\/h4>\n\t\t\t\t\n\t\t\t\t<div class=\"et_pb_button_wrapper\"><a class=\"et_pb_button digr_ims_button\" href=\"#\">Voir le produit<\/a><\/div>\n\t\t\t\t<\/div>  <\/div><\/div><div class=\"digr_image_mask_slider_arrow digr_ims_arrow_right\">\n\t\t\t\t<div class=\"arrow digr_image_mask_slider_prev_arrow digr_ims_prev\"><\/div>\n\t\t\t\t<div class=\"arrow digr_image_mask_slider_next_arrow digr_ims_next\"><\/div>\n\t\t\t<\/div>\n\t\t\t\t<\/div>\n\t\t\t<\/div>30%Les couches lavablesLes couches jetables, bien que pratiques, contribuent de mani\u00e8re significative \u00e0 la pollution et \u00e0 l&rsquo;encombrement des d\u00e9charges. En optant pour les couches lavables, vous faites un geste concret pour r\u00e9duire votre empreinte \u00e9cologique. Fabriqu\u00e9es \u00e0 partir de mat\u00e9riaux respectueux de l&rsquo;environnement et de la peau de b\u00e9b\u00e9, elles sont r\u00e9utilisables et minimisent ainsi les d\u00e9chets. De plus, leur production n\u00e9cessite moins de ressources naturelles, ce qui en fait un choix responsable pour les parents soucieux de l&rsquo;avenir de leurs enfants. Sur le plan \u00e9conomique, les couches lavables [&hellip;]<\/p>\n","protected":false},"author":1,"featured_media":0,"parent":0,"menu_order":0,"comment_status":"closed","ping_status":"closed","template":"","meta":{"_et_pb_use_builder":"on","_et_pb_old_content":"","_et_gb_content_width":"","footnotes":""},"dipi_cpt_category":[],"class_list":["post-17","page","type-page","status-publish","hentry"],"_links":{"self":[{"href":"https:\/\/www.maquette04.ovh\/maquette4\/wp-json\/wp\/v2\/pages\/17","targetHints":{"allow":["GET"]}}],"collection":[{"href":"https:\/\/www.maquette04.ovh\/maquette4\/wp-json\/wp\/v2\/pages"}],"about":[{"href":"https:\/\/www.maquette04.ovh\/maquette4\/wp-json\/wp\/v2\/types\/page"}],"author":[{"embeddable":true,"href":"https:\/\/www.maquette04.ovh\/maquette4\/wp-json\/wp\/v2\/users\/1"}],"replies":[{"embeddable":true,"href":"https:\/\/www.maquette04.ovh\/maquette4\/wp-json\/wp\/v2\/comments?post=17"}],"version-history":[{"count":268,"href":"https:\/\/www.maquette04.ovh\/maquette4\/wp-json\/wp\/v2\/pages\/17\/revisions"}],"predecessor-version":[{"id":270854,"href":"https:\/\/www.maquette04.ovh\/maquette4\/wp-json\/wp\/v2\/pages\/17\/revisions\/270854"}],"wp:attachment":[{"href":"https:\/\/www.maquette04.ovh\/maquette4\/wp-json\/wp\/v2\/media?parent=17"}],"wp:term":[{"taxonomy":"dipi_cpt_category","embeddable":true,"href":"https:\/\/www.maquette04.ovh\/maquette4\/wp-json\/wp\/v2\/dipi_cpt_category?post=17"}],"curies":[{"name":"wp","href":"https:\/\/api.w.org\/{rel}","templated":true}]}}